tors of m.
101
Suppose -4*j + 2*j + 78 = 0. Suppose 6 + j = 5*f. What are the prime factors of f?
3
Suppose -2*u = u - 2*o - 397, -5*u + 662 = -3*o. What are the prime factors of u?
7, 19
Let d = 1 - 1. Suppose 64 = -4*m - o + 12, d = 5*m - 3*o + 82. Let x = 23 + m. What are the prime factors of x?
3
Suppose 8*y - 30 = 2*y. Suppose -y*b = -25, -6*b = -5*m - 2*b + 5. List the prime factors of m.
5
Let h be 21/4 - 3/12. Suppose -c + 13 = -2*z, h*c + 2*z - 6 = 35. List the prime factors of c.
3
Let g(n) = 29*n**3 - n**2. Let s be g(1). Let l = s - -26. List the prime factors of l.
2, 3
Suppose -2*q + 5*q = 69. Let z = q + -5. Suppose 8*j = 6*j + z. What are the prime factors of j?
3
Suppose 5*d = 2*d. What are the prime factors of d/(-1 + 2) - -10?
2, 5
Suppose -y + 2*s = -3*s - 35, 0 = -4*y - s + 77. List the prime factors of y.
2, 5
Let t = 89 - 64. List the prime factors of t.
5
Let i(d) = -d**2 + 9*d - 8. Let l be i(8). Let a(p) = p**2 + p - 2. Let z be a(l). Let f(x) = 2*x**2 + 2. What are the prime factors of f(z)?
2, 5
Let y(z) = z**3 + 5*z**2 - 2*z - 3. Suppose 4*m - 45 = -m. Let n = m + -14. List the prime factors of y(n).
7
Let d(g) = g**3 + 21*g**2 + 19*g + 26. What are the prime factors of d(-20)?
2, 23
Let w be 2/5 - 43/(-5). Let l = w + -4. Suppose s = -2*s + 5*a + 56, -s - l*a + 12 = 0. List the prime factors of s.
17
Let i be 16*1/((-2)/(-3)). Suppose 3*k + i = 6*k. What are the prime factors of k?
2
Let l = 9 + -5. Suppose 43 + 197 = l*a. Suppose -a = -5*m - 25. List the prime factors of m.
7
Let h be 4/(-3) + (-4)/(-12). What are the prime factors of h/(21/12 - 2)?
2
Let z be (18/10)/(4/20). Let b = -3 + z. List the prime factors of b.
2, 3
Let n(f) = f**3 - 5*f**2 + 6*f - 1. Let q be n(4). Let z = q + 4. What are the prime factors of z?
11
Let m be (-11)/2 - (-15)/10. What are the prime factors of 12/18*(-78)/m?
13
Let p(q) = q**3 - q**2 - q + 1. Let a(f) = 7*f**3 - 11*f**2 - 7*f + 8. Let r(w) = -a(w) + 6*p(w). Let o = -7 - -10. What are the prime factors of r(o)?
19
Suppose 263 = 3*d + 56. What are the prime factors of d?
3, 23
Let t = 7 - 11. Let o = -2 - t. Suppose o*a + 9 = 29. List the prime factors of a.
2, 5
Let b = -165 + 83. Let c = b + 167. Suppose 6*y - y = c. List the prime factors of y.
17
Suppose -8 = -i + 3*f, i + 2*f - 108 = -4*i. Suppose -v - v - l + 11 = 0, 5*v - i = -l. Suppose -v*o + 18 = -o. What are the prime factors of o?
3
Let p be 1/(0 - 3/6). Let k = 5 + p. Let b = -1 + k. List the prime factors of b.
2
Let r(j) = -2*j**3 + 4*j**2 - 8*j - 5. List the prime factors of r(-4).
3, 73
Suppose -s = -19 - 45. Suppose 7*o - s = 3*o. What are the prime factors of o?
2
Let b be (-2)/1*57/(-6). Let x = -1 + b. What are the prime factors of x?
2, 3
Let g be (2 - 1)*1*-6. What are the prime factors of g/(-10) + 7/5?
2
Let y be (1 - 0)*(0 + 10). What are the prime factors of (-77)/(-5) + (-4)/y?
3, 5
What are the prime factors of (-3 + 2)*2*1 - -5?
3
Let r = 4 - 4. Suppose r = 3*y - 0*y - 3. What are the prime factors of 4/(1 + y) - 0?
2
Let t = 20 + -14. Suppose -i = -t*i + 20. Suppose i*j = 2*j + 12. List the prime factors of j.
2, 3
Let q(t) = -2*t**2 - 6*t + 1. Let j be q(-5). Let f = 31 + j. Suppose f = -5*m + 57. List the prime factors of m.
3
Let y(r) = -r**3 + 5*r**2 - 6*r + 2. List the prime factors of y(2).
2
Let v = -133 + 332. List the prime factors of v.
199
Let x(f) = f**3 + f**2 - 2*f + 1. Let k be x(2). Let h be ((-2)/6)/((-3)/k). List the prime factors of ((1 - 0) + 1)/h.
2
Suppose -14 = -2*s - 2*h, 0 = -3*h + 2*h + 1. List the prime factors of s.
2, 3
Suppose 4*a - 20 = -4*r + 2*a, -4*r + 20 = -5*a. Suppose -10*v + 115 = -r*v. List the prime factors of v.
23
Suppose 12 + 4 = 8*a. List the prime factors of a.
2
Let r(f) = 2*f**3 - 3*f**3 + 1 + 2*f**3. Let k be r(-1). Suppose 2*n + 4*d = -10 - k, -4*n + 35 = -3*d. List the prime factors of n.
5
Let i = -52 - -97. List the prime factors of i.
3, 5
Let l(f) = 4*f**2 - 2. Let r be l(-3). Suppose 0 = 5*o - 3*o - r. List the prime factors of o.
17
Let b(t) = 2. Let d(k) = -2*k + 20. Let m(g) = 18*b(g) - 2*d(g). Let n(q) = q**2 + 5*q + 3. Let x be n(-5). What are the prime factors of m(x)?
2
Suppose 4*s + 2*l + 3*l - 220 = 0, -4*l - 220 = -4*s. Let k = s + -34. What are the prime factors of k?
3, 7
Let n = -11 + 16. Suppose -n*j + 15 = -2*j. Suppose 2*u - 4*r - 18 = 0, j = u - 4*r - 10. What are the prime factors of u?
3
Let y(b) = b**3 + 10*b**2 + 10*b - 11. Let v be (-2)/4 - (-30)/(-4). List the prime factors of y(v).
37
Let b(p) = -p**3 + 6*p**2 + 6*p + 2. Let w be b(6). What are the prime factors of (-3)/((-6)/w) + 3?
2, 11
Suppose 4*j - j + 15 = 3*m, 10 = 2*j + 2*m. Suppose 5*p - 5*t = p + 44, j = 3*t. What are the prime factors of p?
11
Suppose -3*b = 4 - 31. Let d = 39 - b. List the prime factors of d.
2, 3, 5
Suppose -z + 0*z = -3. Suppose z*p = -p + 12. List the prime factors of p.
3
Let y(o) be the third derivative of o**6/120 + o**5/10 - o**4/24 - o**2. Let k(f) = -2*f**2 - 4*f. Let q be k(-3). What are the prime factors of y(q)?
2, 3
Let x(k) = -2*k - 1. Let s be x(-2). List the prime factors of s - (-4 + 2/2).
2, 3
Let r be (4/(-14))/(5/(-35)). List the prime factors of r/(-9) + (-764)/(-36).
3, 7
Suppose w - 32 = 2*i, -3*i + 4*i - 173 = -4*w. What are the prime factors of w?
2, 3, 7
Suppose 0 + 9 = -3*i. Suppose -2*r + 5*r + 7 = 2*u, -4*r = u - 9. What are the prime factors of 6 + i - (r - 0)?
2
Suppose -8*b + 3*b = -75. Suppose 2*p + 16 = 6, -5*z + 2*p + 10 = 0. Suppose -4*m = -3*h + 41, z = 4*m - 7*m - b. List the prime factors of h.
7
Let g(o) = o**2 + 7*o + 3. Let u be g(-7). Suppose 3*t + u - 18 = 0. List the prime factors of t.
5
Suppose 183 = 3*v + 30. List the prime factors of v.
3, 17
Let c = -6 + 8. List the prime factors of (5/2 + 2)*c.
3
What are the prime factors of -1*96/((-30)/5)?
2
Let l be (-190)/(-30) + (-4)/(-6). Let n = l - -2. What are the prime factors of n?
3
Suppose 12 = -3*v - 0*v. Let g(x) = x + 2. Let n be g(v). List the prime factors of (1/n)/((-4)/128).
2
Let a = 2 + 0. Suppose 4*n - 22 = -3*b, a*b - 11 = -3*n - 3*b. Let m = -1 + n. What are the prime factors of m?
2, 3
Let n(x) = -x**2 + 8*x + 6. Let i = 36 + -28. What are the prime factors of n(i)?
2, 3
Suppose i - 2*z = -5, 2*i - z + 1 + 0 = 0. Let o = -3 - i. List the prime factors of (27/(-6))/(2/o).
3
Suppose 0 = 2*m - m + 4. Let d(t) = t**2 + 3. List the prime factors of d(m).
19
Suppose 4*r = 0, 0 = a + 4*r - 11 + 2. Let v = a + 9. List the prime factors of v.
2, 3
Let d = -88 + 169. List the prime factors of d.
3
Suppose d - 163 = -i, 2*i = d - 4*d + 321. What are the prime factors of i?
2, 3, 7
Suppose -5*g - 5*r = -5, -5*g + 9*r - 4*r = -35. Suppose 4 = 4*i - 3*i. Suppose 0 = -i*z - g - 8, -5*t - 4*z = -8. List the prime factors of t.
2
Let p = -19 + 27. Suppose i - g = 0, 3*g - p = 3*i - 2*g. What are the prime factors of i?
2
Let m be -1*(3 + -2) + 15. Suppose -a - 10 = -m. What are the prime factors of a?
2
Let a(k) = -k**3 - 7*k**2 - 6*k + 5. Let p(l) = -l**3 - 5*l**2 + 6*l - 6. Let z be p(-6). List the prime factors of a(z).
5
Suppose -4*j = -0*j - 20. Suppose -w = 2*w - z - 11, -5*z = -j. List the prime factors of w.
2
Suppose 3*i + 5*a - 53 = 0, 2*i - 4*a - 23 - 27 = 0. Suppose 5*m = -3*g + i, 5*m + 3 = 3*g + 12. Suppose m*q - 7*q + 20 = 0. What are the prime factors of q?
5
Suppose 3*b - 9 + 0 = 0. Let c(h) = 2*h - 4. Let u be c(b). Suppose 0 = -f + u*z + 8, -5*f - z + 18 = 0. What are the prime factors of f?
2
Suppose -74 = -4*l - 10. What are the prime factors of l?
2
Let p(n) be the first derivative of n**2/2 + 7*n - 2. Let r be 2 - (-1)/(3/(-6)). List the prime factors of p(r).
7
Let z(h) = 2*h + 5*h + 11 - 5*h - h. Let q be z(-8). Suppose 4*f + q*k = 73, -5*k + 28 = f - 3. List the prime factors of f.
2
Suppose -4*l + 5 = -3*l. Suppose 2*j + 10 = s, 5*j - l*s - 6 + 21 = 0. Let a = 17 + j. What are the prime factors of a?
2, 5
Let w(i) = -3 - i**3 + 2*i**3 + 0*i**3 - 3*i + 4*i - 5*i**2. Let p be w(5). Suppose -c = 3*m - 4*c - 15, 5*m - p*c - 22 = 0. What are the prime factors of m?
2
Let g = 44 + -40. Let r(l) = 4*l**2 + 1. Let i be r(1). Suppose 0*a + 24 = i*a - 2*p, g*a = -3*p + 33. What are the prime factors of a?
2, 3
Let s be (0*(-